)?
59
Let d(o) = -o**3 + 67*o**2 + 514*o + 255. Determine d(74).
-41
Let k(s) = -s**2 - 22*s - 109. Give k(-15).
-4
Let g(m) = -314*m**2 + 3765*m + 11. What is g(12)?
-25
Let c(x) = -20*x + 63. Calculate c(5).
-37
Let u(o) = -7*o**2 + 76*o + 19. What is u(11)?
8
Let l(f) = f**3 + 12*f**2 + 2*f + 17. Give l(-13).
-178
Let n(u) = 13*u - 747. Give n(67).
124
Let z(a) = -12*a**2 + 54*a - 276. Calculate z(5).
-306
Let x(v) = -2*v**2 + 630*v - 3144. Calculate x(5).
-44
Let b(t) = 109*t + 1424. Give b(-13).
7
Let q(w) = -w**2 - 7*w + 57. Give q(-15).
-63
Let p(b) = -5*b**2 + 35*b - 222. Give p(6).
-192
Let l(k) = 38*k - 336. Calculate l(-8).
-640
Let a(d) = -4*d**2 + 25*d - 12. Calculate a(2).
22
Let m(u) = 58*u + 412. Give m(-10).
-168
Let c(i) = 22*i + 520. Determine c(-31).
-162
Let v(b) = -1023*b - 773. Give v(-1).
250
Let m(z) = -2*z**2 + z + 16. Calculate m(5).
-29
Let r(c) = -22*c**2 + 455*c + 123. Give r(21).
-24
Let h(i) = -i**2 + 16*i + 373. What is h(29)?
-4
Let b(m) = m**2 + 164*m + 486. Give b(-161).
3
Let q(d) = 160*d + 1625. Calculate q(-10).
25
Let m(y) = -2*y**3 - 21*y**2 - 12*y + 261. Determine m(-7).
2
Let t(h) = -2*h**3 - 26*h**2 - 45*h - 6. What is t(-11)?
5
Let j(p) = 51*p**2 + 306*p + 3. What is j(-6)?
3
Let n(f) = 2*f**3 + 232*f**2 + 222*f - 928. Calculate n(-115).
-8
Let s(t) = 3*t**2 - 7*t - 12. Determine s(5).
28
Let f(r) = -r**3 + 65*r**2 - 89*r + 1603. Determine f(64).
3
Let a(o) = -o**3 - 13*o**2 - 39*o - 71. Calculate a(-9).
-44
Let h(w) = 3*w**3 - 33*w**2 - 2*w - 26. Give h(10).
-346
Let o(l) = 48*l + 360. Give o(-9).
-72
Let i(c) = 14*c**2 + 445*c - 73. Give i(-32).
23
Let h(c) = -3064*c - 18390. Determine h(-6).
-6
Let o(g) = -3*g**2 - 5*g + 83. Calculate o(-6).
5
Let t(u) = 104*u + 44. What is t(0)?
44
Let r(k) = 2*k**3 + 15*k**2 - 184*k - 2. Give r(-14).
26
Let i(r) = 4*r - 44. Calculate i(8).
-12
Let n(k) = -k**2 + 24*k - 122. Give n(8).
6
Let u(y) = 1788*y - 1827. What is u(1)?
-39
Let r(q) = 39*q + 430. Determine r(-9).
79
Let f(z) = -2*z**3 - 19*z**2 - 6*z - 4. Determine f(-9).
-31
Let f(a) = 2*a**2 + 17*a - 303. Determine f(-17).
-14
Let c(u) = 2*u**2 - 2*u. What is c(2)?
4
Let c(l) = 4*l**3 - 25*l**2 + 3*l + 8. Determine c(6).
-10
Let b(l) = 3*l**2 + 149*l + 107. Calculate b(-49).
9
Let f(o) = -o**3 - 5*o**2 + 31*o - 23. What is f(-9)?
22
Let j(r) = r**3 - 6*r**2 - 12*r + 16. Calculate j(9).
151
Let r(i) = -13173*i + 9. Determine r(0).
9
Let k(j) = j**3 - 15*j**2 + 21*j + 3. What is k(14)?
101
Let n(b) = 5*b**2 + 15*b - 31. Give n(6).
239
Let r(j) = -12*j**3 + j**2 - 14*j - 29. Calculate r(-2).
99
Let j(s) = -4*s**3 - 30*s**2 - 2*s - 14. Determine j(0).
-14
Let y(l) = -l**3 + 22*l**2 - 50*l + 191. Determine y(20).
-9
Let i(p) = -6*p + 143. What is i(16)?
47
Let b(d) = 264*d + 19020. What is b(-72)?
12
Let l(c) = 60*c**2 + 661*c + 14. Determine l(-11).
3
Let l(t) = -t**3 + 147*t**2 + 116*t + 4693. What is l(148)?
-43
Let w(j) = -119*j - 244. Calculate w(-2).
-6
Let z(r) = r**3 + 6*r**2 - 4346*r + 76. What is z(-69)?
7
Let n(k) = 13*k - 220. Calculate n(16).
-12
Let i(w) = w**2 - 22*w + 61. What is i(11)?
-60
Let b(l) = -6*l - 3. What is b(6)?
-39
Let a(d) = d**2 - 17*d + 3. Calculate a(9).
-69
Let x(c) = 1741*c - 7. Calculate x(0).
-7
Let l(q) = q**2 + 42*q + 333. What is l(-23)?
-104
Let d(f) = 17*f + 480. Give d(-19).
157
Let v(a) = a**3 + 17*a**2 - 40*a - 355. Give v(-18).
41
Let v(a) = -3*a**2 + 97*a + 833. Calculate v(-7).
7
Let n(q) = 6*q**3 - 638*q**2 + 216*q - 428. Determine n(106).
-4
Let l(y) = 7*y**2 + 157*y - 101. What is l(-23)?
-9
Let t(u) = -216*u - 835. Determine t(-5).
245
Let p(b) = -b**3 + 8*b**2 - 11*b - 53. Determine p(8).
-141
Let o(b) = 24*b + 36. Give o(-2).
-12
Let r(z) = 385*z - 1175. Determine r(3).
-20
Let b(h) = -3*h**2 - 91*h - 216. Give b(-28).
-20
Let y(k) = k**2 + 417*k + 5250. Calculate y(-13).
-2
Let r(s) = 2*s**3 - 10*s**2 - 22*s + 6. Calculate r(-2).
-6
Let u(r) = 4*r**2 - 38*r + 61. Calculate u(14).
313
Let m(p) = p**3 + 96*p**2 - 615*p - 194. Calculate m(-102).
112
Let p(f) = f**3 + 98*f**2 + 98*f + 122. Give p(-97).
25
Let t(x) = -23*x - 375. What is t(-11)?
-122
Let k(w) = w**3 + 9*w**2 + 7*w + 64. Give k(-9).
1
Let f(q) = 14*q**2 - 130*q - 138. Give f(-1).
6
Let x(r) = -82*r - 597. Determine x(7).
-1171
Let c(a) = a**3 - 4*a**2 - 253*a. Determine c(-14).
14
Let s(d) = 3890*d**2 - 31120*d + 5. Determine s(8).
5
Let g(v) = -3*v**2 - 420*v + 5955. Calculate g(-153).
-12
Let q(h) = -h**3 - 13*h**2 + 24*h - 356. What is q(-16)?
28
Let i(a) = 62*a + 4954. Calculate i(-80).
-6
Let b(t) = -53*t - 299. Calculate b(-6).
19
Let s(q) = -2635*q + 15812. Determine s(6).
2
Let p(o) = 18*o**2 + 145*o + 21. Determine p(-8).
13
Let q(k) = -171*k - 6499. What is q(-38)?
-1
Let d(b) = -b**3 + b**2 + 4*b - 4. Give d(-2).
0
Let t(w) = 74*w - 1112. Calculate t(15).
-2
Let i(n) = 78*n - 2618. Give i(34).
34
Let t(v) = 29*v - 1901. Calculate t(75).
274
Let a(k) = -k**3 + 3*k**2 - 26*k + 170. Determine a(6).
-94
Let o(w) = 3*w - 49. Determine o(-69).
-256
Let h(r) = -r**3 + 5*r**2 - 42*r + 400. What is h(7)?
8
Let r(j) = -22*j - 441. Give r(-22).
43
Let j(n) = 35*n + 3130. What is j(-89)?
15
Let h(d) = d**2 + 234*d + 697. Determine h(-3).
4
Let u(t) = -2*t**2 + 11*t + 590. Determine u(24).
-298
Let d(n) = n**3 + 44*n**2 + 265*n + 44. Calculate d(-7).
2
Let k(n) = n**3 + 31*n**2 + 43*n + 960. Calculate k(-31).
-373
Let s(h) = -13*h**3 - 80*h**2 - 13*h - 7. What is s(-6)?
-1
Let i(t) = -22*t**3 + t**2 - t. Give i(-2).
182
Let g(j) = -14*j**2 + 331*j - 126. Calculate g(23).
81
Let f(z) = 28*z + 323. What is f(-11)?
15
Let u(m) = -29*m**2 + 123*m - 26. Give u(4).
2
Let z(q) = 52*q**2 + 550*q - 243. Calculate z(-11).
-1
Let g(v) = -7*v + 239. Determine g(32).
15
Let f(q) = 18*q - 26. Calculate f(12).
190
Let s(r) = 2*r**3 - 14*r**2 + 28*r + 9. Give s(3).
21
Let q(n) = -n**3 + 37*n**2 + 469*n - 5. Determine q(-10).
5
Let q(x) = -x**2 + 20*x - 72. Calculate q(14).
12
Let f(m) = -m**2 - 30*m + 137. Determine f(5).
-38
Let d(v) = 2*v**2 + 57*v + 47. What is d(-29)?
76
Let o(c) = 2*c**3 - 39*c**2 + 150*c - 11. Calculate o(14).
-67
Let h(x) = 4*x**2 - 89*x + 121. Determine h(21).
16
Let s(d) = -d**3 + 28*d**2 - 93*d + 1921. What is s(27)?
139
Let a(o) = -o**3 - o**2 - 2*o - 35. Give a(-3).
-11
Let w(p) = 16*p - 46. What is w(7)?
66
Let d(x) = 2*x**2 + 52*x - 85. Give d(-22).
-261
Let j(a) = -a**2 - 56*a - 149. Calculate j(-38).
535
Let m(x) = 8*x**2 + 223*x - 12. Determine m(-28).
16
Let h(r) = 958*r - 18223. Give h(19).
-21
Let n(z) = 611*z + 23210. Give n(-38).
-8
Let p(h) = 12*h + 549. What is p(-45)?
9
Let l(b) = -347*b - 40265. Calculate l(-116).
-13
Let a(d) = 676*d + 3383. Determine a(-5).
3
Let z(c) = -242*c - 50566. Give z(-209).
12
Let z(v) = -v**2 - 152*v - 601. What is z(-4)?
-9
Let v(r) = r**2 + 77*r - 1128. Give v(-89).
-60
Let y(f) = -686*f - 5706. Give y(-8).
-218
Let q(s) = -4*s - 88. Determine q(5).
-108
Let x(t) = -3*t**2 - 30*t - 81. Give x(-6).
-9
Let c(u) = -u**2 - 82*u - 330. Calculate c(-77).
55
Let w(b) = b**3 + 84*b**2 - 103*b - 1326. What is w(-85)?
204
Let m(p) = -1209*p**2 - 24181*p - 8. What is m(-20)?
12
Let p(i) = i**2 - 39*i - 84. Determine p(36).
-192
Let u(y) = -3*y**2 - 49*y + 249. What is u(4)?
5
Let q(p) = -4*p**2 + 165*p - 836. What is q(6)?
10
Let w(p) = 56*p - 117. Determine w(4).
107
Let u(o) = o**3 - 9*o**2 + 21*o - 2. Give u(6).
16
Let g(n) = 610*n - 1850. Determine g(3).
-20
Let f(w) = 618*w - 24085. What is f(39)?
17
Let m(y) = -5*y**3 + 43*y**2 - 4*y - 2. What is m(2)?
122
Let i(w) = 85*w - 2971. Give i(35).
4
Let n(r) = 552*r - 1114. What is n(2)?
-10
Let s(b) = 3*b**2 - b - 6. Calculate s(-2).
8
Let d(q) = -609*q - 3042. Calculate d(-5).
3
Let k(l) = 3*l**3 + 36*l**2 - 10*l - 128. Determine k(-12).
-8
Let n(q) = 595*q + 12460. Determine n(-21).
-35
Let j(i) = -7*i**3 + 70*i**2 - 5*i + 61. Determine j(10).
11
Let m(p) = -16080*p - 18. Determine m(0).
-18
Let b(j) = -10*j**2 + 134*j - 49. Give b(13).
3
Let z(k) = 126*k + 38813. Calculate z(-308).
5
Let w(j) = -14*j - 142. What is w(-11)?
12
Let c(a) = -4*a**2 - 43*a - 114. What is c(-7)?
-9
Let b(r) = -7*r**2 - 770*r + 1563. Give b(2).
-5
Let k(f) = -2*f**3 + 91*f**2 - 34*f - 507. Calculate k(45).
-12
Le